{"id":245,"date":"2020-04-16T12:55:32","date_gmt":"2020-04-16T18:55:32","guid":{"rendered":"https:\/\/moeduniv.izt.uam.mx\/?page_id=245"},"modified":"2020-04-16T13:38:58","modified_gmt":"2020-04-16T19:38:58","slug":"documentos-del-ladeu","status":"publish","type":"page","link":"https:\/\/moeduniv.izt.uam.mx\/index.php\/documentos-del-ladeu\/","title":{"rendered":"Documentos del LADEU"},"content":{"rendered":"\n<p>Laboratorio de Docencia y del Estudiante Universitario<br>\nUAM Iztapalapa (LADEU)<br>\nAntecedentes<br>\nEn el marco de planeaci\u00f3n institucional que se ha establecido en el a\u00f1o 2006, la divisi\u00f3n de CSH<br>\nha propuesto su planeaci\u00f3n estrat\u00e9gica para organizar de mejor manera las necesidades de<br>\ndesarrollo de la divisi\u00f3n en el entorno actual de la UAM y de la educaci\u00f3n superior en el pa\u00eds.<br>\nLos rasgos m\u00e1s reconocidos de ese entorno son:<\/p>\n\n\n\n<ol class=\"wp-block-list\"><li>La necesidad de avanzar en el proceso de mejoramiento de la educaci\u00f3n superior tanto en<br>\nt\u00e9rminos de resolver la demanda existente de educaci\u00f3n, como en t\u00e9rminos de acceder a<br>\nnuevos y mejores niveles de calidad de la educaci\u00f3n que se imparte.<\/li><li>La intenci\u00f3n institucional de robustecer las funciones sustantivas de la universidad:<br>\ndocencia, investigaci\u00f3n, difusi\u00f3n y extensi\u00f3n de la cultura.<\/li><li>La obligaci\u00f3n de la UAM, como de todas las IES del pa\u00eds, de establecer y perfeccionar<br>\nmetodolog\u00edas de evaluaci\u00f3n y seguimiento del desarrollo acad\u00e9mico en todos y cada uno<br>\nde sus elementos constitutivos.<\/li><li>La pretensi\u00f3n de las autoridades educativas y gubernamentales en general, de hacer que<br>\nlas IES puedan acceder a nuevas formas de financiamiento basadas en el reconocimiento<br>\nde una acumulaci\u00f3n del capital de la ciencia y la tecnolog\u00eda suficientemente desarrollada,<br>\ncomo para basarse en ella y explorar los nuevos territorios de financiamiento hasta el<br>\npunto de alcanzar en un futuro pr\u00f3ximo la autosuficiencia financiera.<br>\nEn la planeaci\u00f3n estrat\u00e9gica de la divisi\u00f3n de CSH de la UAM-I , se tiene contemplado tanto el<br>\nrobustecimiento y el perfeccionamiento de las actividades de coordinaci\u00f3n y desarrollo<br>\nacad\u00e9mico existentes, como la creaci\u00f3n de nuevas instancias tanto acad\u00e9micas como<br>\nadministrativas, que gravitan en torno al trabajo institucional de planeaci\u00f3n, evaluaci\u00f3n y<br>\nseguimiento. El laboratorio que se propone busca incidir en ese proceso institucional y, a la vez,<br>\ndesarrollar la investigaci\u00f3n con objetivos diagn\u00f3sticos y de generaci\u00f3n de propuestas para la<br>\nmejora del trabajo universitario.<br>\nObjetivos<br>\nA diferencia de otros laboratorios (basados en la experimentaci\u00f3n), el que se menciona busca<br>\nexplorar en los terrenos del trabajo acad\u00e9mico que son claves para el desarrollo de la divisi\u00f3n y<br>\nde la universidad, considerando la necesidad de esclarecer las caracter\u00edsticas que hoy tiene el<br>\nconjunto del trabajo acad\u00e9mico de la divisi\u00f3n y establecer las posibilidades y oportunidades que<br>\npresenta para el presente y futuro inmediato. Por lo anterior, el Laboratorio adquiere de entrada<br>\nrasgos del quehacer investigativo pero enfocados a la realizaci\u00f3n de diagn\u00f3sticos de las diversas<br>\nsituaciones del trabajo acad\u00e9mico, as\u00ed como a la elaboraci\u00f3n de propuestas y gu\u00edas que orienten y<br>\naporten en el establecimiento de medidas y acciones oportunas para el quehacer divisional. Si<br>\nbien es una prioridad la evaluaci\u00f3n y diagn\u00f3stico de la actividad divisional, no debe quedar fuera<br>\nde su campo de observaci\u00f3n lo que ocurra en el entorno m\u00e1s pr\u00f3ximo (UAM-I y las otras<br>\nUnidades Acad\u00e9micas de la UAM) y en el m\u00e1s lejano (IES nacionales y extranjeras), de modo<br>\nque su capacidad de an\u00e1lisis y propuesta sea lo m\u00e1s completa posible.<br>\nExperiencias<br>\nLa experiencia reciente de la UAM en la direcci\u00f3n del an\u00e1lisis y el diagn\u00f3stico institucional han<br>\ndado algunos resultados en torno al trabajo acad\u00e9mico desde la perspectiva de valorar la<br>\ndenominada carrera acad\u00e9mica (Manuel Gil, et. al., 2006), as\u00ed como de evaluar el impacto en el<br>\nmedio laboral que tienen los egresados de la universidad (En el caso de toda la universidad, el<br>\nreporte del SIEEE-UAM, 2005, y para el caso espec\u00edfico de la UAM-I, el estudio de Javier<br>\nRodr\u00edguez, 2005) y tambi\u00e9n de analizar las situaciones que explican la deserci\u00f3n escolar de los<br>\nestudiantes ( referido s\u00f3lo al caso de la UAM-I se encuentra el estudio de Javier Rodr\u00edguez,<br>\n2005).<br>\nEn el caso espec\u00edfico de la divisi\u00f3n de CSH recientemente se han desarrollado experiencias de<br>\nevaluaci\u00f3n y resoluci\u00f3n de problemas relacionados con las llamadas habilidades comunicativas<br>\n(Juan Zorrilla, 2005, as\u00ed como Irma Murgu\u00eda, 2005), as\u00ed como con la revaloraci\u00f3n y mejora de los<br>\nm\u00e9todos en la ense\u00f1anza y el aprendizaje de las lenguas extranjeras, especialmente la inglesa<br>\n(Teresa Flores Revilla, Javier Vivaldo y Margaret Lee, 2005). En torno a casos particulares de<br>\nlicenciaturas hay ya diversos estudios que recientemente, y desde hace m\u00e1s de una d\u00e9cada, se han<br>\ndado para casos como la licenciatura de Sociolog\u00eda (Lu\u00eds Le\u00f1ero y Jos\u00e9 Lu\u00eds Torres Franco, s\/f) y<br>\nla de Psicolog\u00eda Social (Miguel A. Aguilar, 2005), entre otras m\u00e1s.<br>\nDe un modo m\u00e1s amplio, Adri\u00e1n de Garay (2004), ha desarrollado investigaciones sobre el perfil<br>\nde los estudiantes universitarios y m\u00e1s recientemente el trabajo de Ignacio Llamas H., y Nora<br>\nGarro (2006) sobre la relaci\u00f3n de los estudios y el trabajo, entre otros m\u00e1s, dan muestra de los<br>\nejercicios de investigaci\u00f3n en estos campos de inter\u00e9s.<br>\nSin duda estas experiencias constituyen una base importante para las tareas que la divisi\u00f3n se<br>\nimponga en torno a la evaluaci\u00f3n y seguimiento de las actividades acad\u00e9micas, y son una base<br>\nque igualmente puede sustentar y dar mayores oportunidades a las actividades que se desarrollen<br>\nen el laboratorio propuesto.<br>\nEstructura y funcionamiento<br>\nEl Laboratorio est\u00e1 fundado en una concepci\u00f3n divisional, en principio, que le permitir\u00e1 convocar<br>\na la diversidad de especialistas ligados a estos temas desde las distintas disciplinas con que cuenta<br>\nla divisi\u00f3n de CSH dentro de los cu\u00e1les destaca: los especialistas de la sociolog\u00eda y de la<br>\neconom\u00eda de la educaci\u00f3n, as\u00ed como los estudios de psicolog\u00eda social orientados a examinar las<br>\ndiversas situaciones y comportamientos de los acad\u00e9micos y los alumnos en torno al quehacer<br>\neducativo.<br>\nEn cuanto a su estructura, el Laboratorio pretende desarrollar sus trabajos dentro de una<br>\norganizaci\u00f3n simple y vers\u00e1til a la vez. Por una parte est\u00e1 el Grupo Acad\u00e9mico Coordinador<br>\n(GAC) desde el cual se definir\u00e1n las \u00e1reas de inter\u00e9s y las actividades prioritarias, y a las cu\u00e1les<br>\nse integran diversos acad\u00e9micos dado su inter\u00e9s y especialidad de investigaci\u00f3n y que constituyen<br>\nel Cuerpo Acad\u00e9mico De Investigaci\u00f3n Itinerante (CAII) que cambiar\u00e1 en la medida en que<br>\nconcluyan los estudios para los cu\u00e1les fueron convocados.<br>\nFigura b\u00e1sica de la estructura del Laboratorio<\/li><\/ol>\n\n\n\n<figure class=\"wp-block-image size-large\"><img fetchpriority=\"high\" decoding=\"async\" width=\"460\" height=\"379\" src=\"https:\/\/moeduniv.izt.uam.mx\/wp-content\/uploads\/2020\/04\/image.png\" alt=\"\" class=\"wp-image-251\" srcset=\"https:\/\/moeduniv.izt.uam.mx\/wp-content\/uploads\/2020\/04\/image.png 460w, https:\/\/moeduniv.izt.uam.mx\/wp-content\/uploads\/2020\/04\/image-300x247.png 300w\" sizes=\"(max-width: 460px) 100vw, 460px\" \/><\/figure>\n\n\n\n<p>En el caso del GAC ser\u00e1n tres acad\u00e9micos quienes inicien los trabajos del laboratorio, quienes<br>\npodr\u00e1n cumplir un ciclo b\u00e1sico en cuatro a\u00f1os pudiendo prorrogarse hasta por otro periodo m\u00e1s,<br>\nconsiderando las propuestas individualmente presentadas, y a la vez habr\u00e1 un proceso de<br>\nreconformaci\u00f3n que implica el cambio de parte de sus miembros.<br>\nEn el caso del CAII, dada su condici\u00f3n itinerante, ser\u00e1n convocados por el GAC en funci\u00f3n de las<br>\n\u00e1reas de inter\u00e9s y de su prioridad, manteni\u00e9ndose en el laboratorio, por lo menos, hasta el t\u00e9rmino<br>\nde la actividad para la cual fueron convocados.<br>\nPara procurar un adecuado funcionamiento del Laboratorio se sugiere que sea la Direcci\u00f3n de la<br>\nDivisi\u00f3n de CSH, la encargada de procurar el suficiente financiamiento para el desarrollo de sus<br>\nactividades, as\u00ed como de procurar la infraestructura b\u00e1sica para su operaci\u00f3n y dem\u00e1s aditamentos<br>\nque los miembros del Laboratorio indiquen (espacios, mobiliario, equipos de c\u00f3mputo y otras<br>\ntecnolog\u00edas requeridas).<br>\nResultados<br>\nLos trabajos del laboratorio deben ser reportados con oportunidad a las instancias divisionales, de<br>\nmanera que puedan constituir un elemento estrat\u00e9gico de la evaluaci\u00f3n y el seguimiento de las<br>\nactividades acad\u00e9micas de la divisi\u00f3n de CSH.<br>\nEs importante tambi\u00e9n que se desarrolle una l\u00ednea editorial a fin dar a conocer id\u00f3neamente los<br>\ndistintos productos del trabajo del Laboratorio: a) Reportes de diverso tipo como pueden ser los<br>\nAvances de Investigaci\u00f3n y Cuadernos de Trabajo; b) Libros que muestren los resultados finales<br>\nque compendien los coordinadores de los distintos proyectos.<br>\nDebido a la naturaleza de los objetos de estudio, la reflexi\u00f3n colectiva de los resultados<br>\nencontrados en los distintos proyectos, debe ser una de las actividades m\u00e1s importantes de<br>\nretroalimentaci\u00f3n entre el Laboratorio y la comunidad divisional. Ello genera una sinergia que<br>\npuede redundar tanto en la generaci\u00f3n de nuevos proyectos como en el apoyo de parte de los<br>\ntrabajos de la organizaci\u00f3n y gesti\u00f3n acad\u00e9mica de la divisi\u00f3n de CSH.<br>\nIntegrantes y temas del Laboratorio:<br>\nGrupo Acad\u00e9mico Coordinador<br>\n\uf0d8 Javier Rodr\u00edguez Lagunas (Sociolog\u00eda)<br>\n\uf0d8 Ignacio Llamas Huitr\u00f3n (Econom\u00eda)<br>\n\uf0d8 Marco A. Leyva Pi\u00f1a (Sociolog\u00eda)<br>\nGrupo Acad\u00e9mico de investigaci\u00f3n itinerante<br>\n\uf0d8 Guillermo Gardu\u00f1o Valero (Econom\u00eda)<br>\n\uf0d8 Nora Garro (Econom\u00eda)<br>\n\uf0d8 Janette G\u00f3ngora (UAM-X)<br>\n\uf0d8 Javier Vivaldo Lima (Lenguas extranjeras)<br>\n\uf0d8 Luis Le\u00f1ero Otero (Sociolog\u00eda)<br>\n\uf0d8 Alma Patricia Aduna (Econom\u00eda)<br>\n\uf0d8 Fernando Olvera Hern\u00e1ndez (Econom\u00eda)<br>\n\uf0d8 Omar Manjarrez (Psicolog\u00eda Social)<br>\n\uf0d8 Oscar Rodr\u00edguez Cerda (Psicolog\u00eda Social)<br>\n\uf0d8 Carlos Contreras (Psicolog\u00eda Social)<br>\nTemas:<br>\n\uf0d8 El modelo educativo universitario<br>\n\uf0d8 Los perfiles profesionales universitarios<br>\n\uf0d8 Las problem\u00e1ticas de los estudiantes universitarios<br>\n\uf0d8 La inserci\u00f3n laboral de los egresados<br>\n\uf0d8 La evaluaci\u00f3n del trabajo docente<br>\n\uf0d8 Las pr\u00e1cticas pedag\u00f3gicas<br>\n\uf0d8 Las nuevas tecnolog\u00edas de la educaci\u00f3n<br>\n\uf0d8 La vinculaci\u00f3n acad\u00e9mica<\/p>\n","protected":false},"excerpt":{"rendered":"<p>Laboratorio de Docencia y del Estudiante Universitario UAM Iztapalapa (LADEU) Antecedentes En el marco de planeaci\u00f3n institucional que se ha establecido en el a\u00f1o 2006, la divisi\u00f3n de CSH ha propuesto su planeaci\u00f3n estrat\u00e9gica para organizar de mejor manera las necesidades de desarrollo de la divisi\u00f3n en el entorno actual de la UAM y de &hellip; <\/p>\n<p class=\"link-more\"><a href=\"https:\/\/moeduniv.izt.uam.mx\/index.php\/documentos-del-ladeu\/\" class=\"more-link\">Continuar leyendo<span class=\"screen-reader-text\"> &#8220;Documentos del LADEU&#8221;<\/span><\/a><\/p>\n","protected":false},"author":1,"featured_media":0,"parent":0,"menu_order":0,"comment_status":"closed","ping_status":"closed","template":"","meta":{"footnotes":""},"class_list":["post-245","page","type-page","status-publish","hentry"],"_links":{"self":[{"href":"https:\/\/moeduniv.izt.uam.mx\/index.php\/wp-json\/wp\/v2\/pages\/245","targetHints":{"allow":["GET"]}}],"collection":[{"href":"https:\/\/moeduniv.izt.uam.mx\/index.php\/wp-json\/wp\/v2\/pages"}],"about":[{"href":"https:\/\/moeduniv.izt.uam.mx\/index.php\/wp-json\/wp\/v2\/types\/page"}],"author":[{"embeddable":true,"href":"https:\/\/moeduniv.izt.uam.mx\/index.php\/wp-json\/wp\/v2\/users\/1"}],"replies":[{"embeddable":true,"href":"https:\/\/moeduniv.izt.uam.mx\/index.php\/wp-json\/wp\/v2\/comments?post=245"}],"version-history":[{"count":3,"href":"https:\/\/moeduniv.izt.uam.mx\/index.php\/wp-json\/wp\/v2\/pages\/245\/revisions"}],"predecessor-version":[{"id":253,"href":"https:\/\/moeduniv.izt.uam.mx\/index.php\/wp-json\/wp\/v2\/pages\/245\/revisions\/253"}],"wp:attachment":[{"href":"https:\/\/moeduniv.izt.uam.mx\/index.php\/wp-json\/wp\/v2\/media?parent=245"}],"curies":[{"name":"wp","href":"https:\/\/api.w.org\/{rel}","templated":true}]}}